divided by 48.
46
Calculate the remainder when 929065 is divided by 126.
67
What is the remainder when 30877 is divided by 12?
1
What is the remainder when 9770773 is divided by 36?
13
What is the remainder when 14104691 is divided by 92794?
3
Calculate the remainder when 175129 is divided by 408.
97
What is the remainder when 5161795 is divided by 525?
520
Calculate the remainder when 1286766 is divided by 2558.
92
Calculate the remainder when 1797005 is divided by 3109.
3
Calculate the remainder when 631703 is divided by 209842.
2177
What is the remainder when 33465315 is divided by 152115?
15
What is the remainder when 5555666 is divided by 111113?
16
What is the remainder when 63473785 is divided by 3082?
3077
Calculate the remainder when 4967070 is divided by 177394.
38
What is the remainder when 14908256 is divided by 310588?
32
What is the remainder when 45874 is divided by 3903?
2941
Calculate the remainder when 12628 is divided by 1416.
1300
Calculate the remainder when 2890985 is divided by 1822.
1293
What is the remainder when 54244 is divided by 10432?
2084
What is the remainder when 703587 is divided by 518?
143
What is the remainder when 22364653 is divided by 29?
27
What is the remainder when 758819 is divided by 12044?
47
What is the remainder when 3654 is divided by 184?
158
Calculate the remainder when 65867442 is divided by 1269.
1266
Calculate the remainder when 40823 is divided by 2915.
13
Calculate the remainder when 590955 is divided by 1268.
67
Calculate the remainder when 19494639 is divided by 1026033.
12
Calculate the remainder when 601325 is divided by 67.
0
Calculate the remainder when 315166 is divided by 78760.
126
Calculate the remainder when 115432545 is divided by 54.
39
What is the remainder when 5737212 is divided by 717144?
60
Calculate the remainder when 823277 is divided by 100.
77
What is the remainder when 320575 is divided by 390?
385
Calculate the remainder when 131666 is divided by 1386.
1382
Calculate the remainder when 297449914 is divided by 215.
209
Calculate the remainder when 21579370 is divided by 567878.
6
Calculate the remainder when 678578 is divided by 2373.
2273
What is the remainder when 1276651 is divided by 425464?
259
What is the remainder when 7167158 is divided by 79?
41
What is the remainder when 266185 is divided by 2419?
95
Calculate the remainder when 48377198 is divided by 2769.
2768
What is the remainder when 63917 is divided by 63907?
10
Calculate the remainder when 645416 is divided by 1842.
716
What is the remainder when 224973 is divided by 61?
5
What is the remainder when 554798297 is divided by 70?
67
What is the remainder when 638607 is divided by 13562?
1193
Calculate the remainder when 25241828 is divided by 101.
9
Calculate the remainder when 10169 is divided by 4760.
649
Calculate the remainder when 226059 is divided by 1157.
444
What is the remainder when 11388658 is divided by 1005?
1003
What is the remainder when 214262 is divided by 82?
78
What is the remainder when 93035966 is divided by 855?
851
What is the remainder when 61202541 is divided by 81?
75
What is the remainder when 213748 is divided by 1163?
919
What is the remainder when 3758423 is divided by 1252795?
38
Calculate the remainder when 9288721 is divided by 73.
55
What is the remainder when 129410 is divided by 234?
8
Calculate the remainder when 4109194 is divided by 684857.
52
What is the remainder when 88367356 is divided by 967?
962
Calculate the remainder when 556463 is divided by 221.
206
Calculate the remainder when 17893 is divided by 17056.
837
What is the remainder when 616984 is divided by 500?
484
Calculate the remainder when 4684415 is divided by 11.
10
Calculate the remainder when 105581013 is divided by 612.
609
What is the remainder when 131429 is divided by 703?
671
Calculate the remainder when 8913171 is divided by 9.
3
Calculate the remainder when 44000493 is divided by 648.
645
Calculate the remainder when 244019 is divided by 2415.
104
Calculate the remainder when 200852 is divided by 1989.
1952
Calculate the remainder when 1621999 is divided by 375.
124
Calculate the remainder when 1007151 is divided by 251539.
995
Calculate the remainder when 17009374 is divided by 63945.
4
Calculate the remainder when 356946775 is divided by 11.
9
Calculate the remainder when 952604 is divided by 1080.
44
Calculate the remainder when 65676 is divided by 2139.
1506
Calculate the remainder when 105920 is divided by 4412.
32
What is the remainder when 3712818 is divided by 233?
196
What is the remainder when 2275643 is divided by 4915?
4913
Calculate the remainder when 15522661 is divided by 28799.
0
Calculate the remainder when 420203225 is divided by 148.
145
What is the remainder when 473303 is divided by 14342?
17
What is the remainder when 16399705 is divided by 964685?
60
Calculate the remainder when 574304 is divided by 699.
425
Calculate the remainder when 5177376 is divided by 1035418.
286
What is the remainder when 6058678 is divided by 795?
778
Calculate the remainder when 24851 is divided by 497.
1
What is the remainder when 469779 is divided by 156581?
36
What is the remainder when 1143601 is divided by 5369?
4
What is the remainder when 4966219 is divided by 1068?
19
What is the remainder when 6543817 is divided by 62921?
33
Calculate the remainder when 40479906 is divided by 1841.
1839
What is the remainder when 5262576 is divided by 37?
29
Calculate the remainder when 707197 is divided by 2223.
283
What is the remainder when 289545 is divided by 2354?
3
What is the remainder when 31301 is divided by 10124?
929
Calculate the remainder when 3466126 is divided by 8005.
7966
Calculate the remainder when 249127 is divided by 1945.
167
Calculate the remainder when 460382 is divided by 51153.
5
What is the remainder when 25008906 is divided by 2907?
2892
Calculate the remainder when 23142 is divided by 1395.
822
Calculate the remainder when 19421681 is divided by 132.
125
Calculate the remainder when 18260669 is divided by 4565167.
1
What is the remainder when 5403483 is divided by 62?
59
Calculate the remainder when 9121850 is divided by 3573.
3554
What is the remainder when 105110 is divided by 105080?
30
Calculate the remainder when 3408165 is divided by 24.
21
What is the remainder when 151194 is divided by 6570?
84
What is the remainder when 29686773 is divided by 4196?
73
Calculate the remainder when 12981490 is divided by 2365.
5
Calculate the remainder when 68167 is divided by 386.
231
What is the remainder when 1783064 is divided by 136?
104
What is the remainder when 530124610 is divided by 176708202?
4
What is the remainder when 2617526 is divided by 253?
241
Calculate the remainder when 1182347 is divided by 17.
14
What is the remainder when 3552489 is divided by 7?
3
What is the remainder when 5490520 is divided by 5490466?
54
Calculate the remainder when 415199707 is divided by 308.
307
Calculate the remainder when 7320009 is divided by 1464.
9
What is the remainder when 1091721 is divided by 272921?
37
What is the remainder when 2996044 is divided by 1806?
1696
Calculate the remainder when 58306601 is divided by 305270.
31
Calculate the remainder when 20523 is divided by 1576.
35
What is the remainder when 8501905 is divided by 170038?
5
What is the remainder when 484381 is divided by 149?
131
Calculate the remainder when 270828977 is divided by 147.
146
What is the remainder when 190848 is divided by 10328?
4944
What is the remainder when 16643325 is divided by 2878?
2729
What is the remainder when 4662686 is divided by 718?
712
Calculate the remainder when 25474191 is divided by 179.
164
What is the remainder when 6207247 is divided by 1128?
991
Calculate the remainder when 15199149 is divided by 68.
61
What is the remainder when 32885 is divided by 77?
6
What is the remainder when 5164055 is divided by 253?
72
Calculate the remainder when 28100170 is divided by 870.
40
Calculate the remainder when 73931818 is divided by 1340.
1338
What is the remainder when 76462196 is divided by 12743697?
14
Calculate the remainder when 413576 is divided by 63.
44
Calculate the remainder when 96292 is divided by 244.
156
Calculate the remainder when 12714733 is divided by 1160.
1